).
-6504
Let k(s) = -s**3 + 35*s**2 + 23*s - 353. Determine k(35).
452
Let l(j) = 19*j**2 - 551*j + 360. What is l(29)?
360
Let g(k) = -2781*k - 13905. Calculate g(-5).
0
Let d(n) = -223*n**2 - 4780*n - 44. Determine d(-22).
-2816
Let b(d) = -d**2 - 1342*d - 43196. Determine b(-33).
1
Let f(h) = h**2 + 572*h + 59871. Calculate f(-434).
-21
Let o(f) = 2*f**3 - 220*f**2 + 7*f - 762. Determine o(110).
8
Let j(o) = -141*o + 2222. Calculate j(5).
1517
Let x(n) = 342*n**2 - 2035*n - 5607. Calculate x(8).
1
Let s(y) = y**3 - 5*y**2 - 716*y + 3583. Give s(5).
3
Let o(x) = -4238*x + 7845. Determine o(2).
-631
Let l(h) = h**2 - 3251*h + 302878. Give l(96).
-2
Let q(h) = -9812*h - 402313. Give q(-41).
-21
Let x(l) = -831*l**2 - 1596*l + 124. Calculate x(-2).
-8
Let q(m) = 4*m**3 + 54*m**2 - 7*m - 128. What is q(-13)?
301
Let a(n) = -n**3 - 15*n**2 + 178*n + 2694. Give a(-14).
6
Let z(h) = -17*h**2 - 237*h - 99. Give z(-16).
-659
Let v(r) = 630*r - 128934. Calculate v(204).
-414
Let y(g) = 33*g**2 + 649*g - 3826. Determine y(6).
1256
Let q(c) = -213*c + 22847. Give q(108).
-157
Let u(s) = 10*s**3 + 1242*s**2 + 245*s - 371. Give u(-124).
1
Let z(n) = 1264*n + 142635. Determine z(-113).
-197
Let q(j) = 50764*j - 964522. What is q(19)?
-6
Let u(a) = a**2 + 381*a + 30028. Determine u(-104).
1220
Let x(z) = 2433*z + 26904. Calculate x(-11).
141
Let i(d) = -36*d**2 - 4240*d + 46801. What is i(11)?
-4195
Let j(b) = 14*b**2 - 861*b - 8538. Determine j(-10).
1472
Let k(m) = -1325*m - 94060. Determine k(-71).
15
Let h(f) = -f**3 + 2*f**2 - 1413*f + 11689. Determine h(8).
1
Let k(c) = 10*c**2 + 2104*c - 14337. What is k(-217)?
-15
Let m(h) = 37938*h - 189694. Calculate m(5).
-4
Let x(n) = -398*n**2 + 27581*n - 8211. What is x(69)?
0
Let a(m) = -5*m**2 + 3036*m - 14987. Give a(5).
68
Let l(i) = 8820*i + 88443. Determine l(-10).
243
Let i(x) = -7376*x + 44249. Determine i(6).
-7
Let b(k) = k**3 + 21*k**2 - 15*k - 191. Give b(-21).
124
Let t(j) = 86390*j - 691129. What is t(8)?
-9
Let m(s) = s**3 + 97*s**2 + 363*s - 306. Calculate m(-93).
531
Let m(n) = -28*n + 641. What is m(-6)?
809
Let f(y) = 2*y**2 - 25000*y + 3558529. What is f(144)?
1
Let n(c) = -2*c**2 - 1202*c - 60987. Determine n(-56).
53
Let l(f) = f**3 + 20*f**2 - 575*f + 1908. Calculate l(13).
10
Let m(o) = -110112*o - 660608. Give m(-6).
64
Let l(u) = -7978*u - 271245. What is l(-34)?
7
Let n(y) = 552*y + 6694. Calculate n(-12).
70
Let b(q) = -q**3 - 16*q**2 + 438*q + 7011. What is b(-16)?
3
Let p(k) = 456*k**3 + 2*k**2 - 27*k + 21. Determine p(1).
452
Let k(s) = s**2 - 26277*s - 631252. Give k(-24).
-28
Let a(t) = 75*t + 740. What is a(0)?
740
Let l(s) = -s**3 - 20*s**2 + 415*s + 5370. What is l(-28)?
22
Let c(u) = -318*u**2 + 335*u + 5. Determine c(2).
-597
Let s(q) = 71*q**2 - 4*q + 2746. Give s(0).
2746
Let x(o) = -2*o**2 + 224*o - 3121. Determine x(88).
1103
Let a(z) = -z**3 - 81*z**2 + 42755*z - 14468. What is a(170)?
-18
Let o(q) = q**2 + 608*q - 143778. Determine o(182).
2
Let k(s) = s**2 + 493*s + 36377. Give k(-87).
1055
Let r(b) = -2*b**3 - 266*b**2 + 8635*b + 77. What is r(27)?
-58
Let g(c) = -72*c - 26776. Determine g(-372).
8
Let w(g) = -715*g + 5207. Determine w(10).
-1943
Let g(o) = -o**2 + 164*o + 1982. Give g(-12).
-130
Let v(f) = -f**3 + 25*f**2 + 10*f - 204. What is v(-3)?
18
Let n(l) = -l**2 + 2625*l - 153886. What is n(60)?
14
Let k(q) = -2*q**3 + 398*q**2 - 43*q + 8503. Determine k(199).
-54
Let a(i) = 17*i**3 - 29*i**2 + 118*i - 16. Give a(5).
1974
Let r(w) = -27673*w - 2158408. Give r(-78).
86
Let b(t) = -547*t + 242322. Calculate b(443).
1
Let r(l) = -23394*l + 421105. Calculate r(18).
13
Let y(d) = -d**3 + 51*d**2 - 33*d - 1663. Determine y(50).
-813
Let r(y) = -5*y**3 - 43*y**2 + 468*y + 41. Calculate r(-16).
2025
Let g(b) = 8*b**3 + 323*b**2 - 536*b + 437. Determine g(-42).
17
Let u(h) = -20433*h + 5230850. Give u(256).
2
Let o(k) = -1284*k - 128415. Calculate o(-100).
-15
Let p(n) = -n**3 - 178*n**2 + n + 56. Calculate p(0).
56
Let s(i) = 2*i**3 + i**2 + 18*i - 125. Give s(5).
240
Let n(h) = -538*h + 27496. Determine n(52).
-480
Let o(y) = -y**3 + 64*y**2 - 723*y + 41826. Calculate o(63).
246
Let s(u) = -8*u**2 + 9031*u - 53920. What is s(6)?
-22
Let x(z) = -z**3 + 1048*z**2 + 19196*z + 142. Determine x(-18).
-2
Let d(b) = 37815*b + 1210073. Calculate d(-32).
-7
Let j(x) = -1108*x**2 + 7758*x + 32. What is j(7)?
46
Let z(o) = -173*o + 4004. What is z(27)?
-667
Let b(p) = 4*p**2 - 311*p - 305. What is b(77)?
-536
Let b(w) = w**3 + 14*w**2 + 21*w + 252. Give b(-13).
148
Let w(j) = 16*j**3 - 3875*j**2 + 735*j - 2183. Give w(242).
-5
Let s(t) = 87*t**2 - 142*t - 3. What is s(-2)?
629
Let x(r) = 13*r**2 + 140*r - 2373. What is x(-20)?
27
Let q(r) = 18799*r + 131561. Give q(-7).
-32
Let s(d) = 1029*d - 2981. Calculate s(3).
106
Let z(a) = 2*a**3 - 274*a**2 - 57228*a - 108. Calculate z(251).
-108
Let v(l) = -2*l**3 - 288*l**2 + 101. Give v(-144).
101
Let g(v) = -9*v**2 + 266*v + 31286. Calculate g(-46).
6
Let u(w) = 157649*w - 1891784. Calculate u(12).
4
Let t(p) = -p**3 - 220*p**2 - 113*p - 73815. Calculate t(-221).
-1
Let k(w) = -3013*w + 322393. Determine k(107).
2
Let m(v) = -89798*v - 538841. Give m(-6).
-53
Let o(s) = 336*s**2 + 5501*s + 1987. Calculate o(-16).
-13
Let g(d) = -24*d**2 + 4325*d - 17759. Calculate g(176).
17
Let m(l) = l**3 + 138*l**2 - 835*l + 4278. Give m(-144).
102
Let a(f) = f**3 - 35*f**2 + 19*f + 918. Calculate a(34).
408
Let a(x) = 3*x**2 - 23*x - 4714. Calculate a(55).
3096
Let d(z) = -4*z**3 + 39*z**2 + 64*z - 14. Give d(12).
-542
Let p(d) = 2*d**2 + 1242*d - 431009. Determine p(248).
15
Let x(t) = 6105*t + 811966. Give x(-133).
1
Let k(i) = 42026*i - 1512978. Determine k(36).
-42
Let v(o) = -130*o**2 - 837*o + 3004. Give v(-9).
7
Let y(j) = -j**2 + 78*j + 364. Determine y(82).
36
Let s(x) = -19*x**3 - 14934*x**2 - 47*x - 36945. What is s(-786)?
-3
Let y(q) = 26*q**2 - 177*q - 8621. Give y(-15).
-116
Let i(k) = -3880*k - 3600. What is i(-1)?
280
Let y(d) = d**3 + 13*d**2 - 73696*d - 442431. What is y(-6)?
-3
Let r(v) = v**3 + 151*v**2 + 296*v - 269. What is r(-149)?
29
Let h(y) = -26*y**2 + 1130*y + 6221. Determine h(-5).
-79
Let y(i) = 150400*i - 601316. Determine y(4).
284
Let f(d) = -2*d**3 - 22*d**2 - 89*d - 130. What is f(-15)?
3005
Let d(y) = 10*y**3 - 15*y**2 + 302*y - 2407. What is d(8)?
4169
Let s(i) = 10*i**2 + 256*i + 60. Give s(-25).
-90
Let z(w) = 1747*w**3 - w**2 - 27*w - 28. Calculate z(-1).
-1749
Let a(q) = -32*q**3 + 14*q**2 - 55*q + 109. Determine a(2).
-201
Let c(x) = -258*x**2 + 2635*x - 30. Give c(9).
2787
Let t(i) = -5*i**2 + 145*i - 1019. Determine t(15).
31
Let i(o) = 4*o**2 - 591*o + 6639. What is i(12)?
123
Let s(r) = -29*r**2 + 983*r - 156. What is s(31)?
2448
Let j(l) = 4924*l + 2412758. Determine j(-490).
-2
Let x(k) = k**2 + 71*k - 1426. Determine x(-29).
-2644
Let z(u) = 146*u**2 - 1072*u + 287. Calculate z(7).
-63
Let k(o) = -3*o**2 - 351*o - 10275. Calculate k(-57).
-15
Let o(m) = -14*m**2 + 822*m - 2287. Calculate o(56).
-159
Let t(y) = 8657*y**2 - 34309*y - 1276. Give t(4).
0
Let o(h) = -8*h**2 - 464*h + 4224. What is o(8)?
0
Let x(r) = 5439*r + 32710. Give x(-6).
76
Let i(z) = z**2 + 865*z + 45586. What is i(-57)?
-470
Let p(s) = -3*s**2 + 1541*s - 35122. Determine p(24).
134
Let u(a) = 14976*a - 104817. Give u(7).
15
Let f(w) = -15*w**3 + w**2 - 16*w - 38. Give f(-4).
1002
Let z(q) = q**3 + 296*q**2 - 3*q - 1. Calculate z(0).
-1
Let q(t) = 205*t**2 - 2441*t - 10. What is q(12)?
218
Let r(p) = 6*p**3 + 246*p**2 - 5*p - 184. Calculate r(-41).
21
Let w(s) = 11*s**2 - 263*s + 199. Calculate w(14).
-1327
Let a(k) = 685*k - 129041. What is a(188)?
-261
Let r(a) = a**3 - 64*a**2 - 92*a + 9737. Give r(63).
-28
Let g(m) = m**3 - 293*m**2 + 2388*m - 30775. Determine g(285).
5
Let i(j) = 3*j**3 + 314*j**2 + 518*j - 292. Determine i(-103).
-601
Let j(w) = -637*w - 977. What is j(-2)?
297
Let d(u) = 21385*u + 149657. Give d(-7).
-38
Let u(c) = 4*c**3 + 42*c**2 - 315*c + 13. Calculate u(5).
-12
Let y(d) = 1394*d + 4066. Calculate y(-4).
-1510
Let j(h) = h**3 - 72*h**2 - 18357*h - 5505. Give j(-104).
7
Let j(w) = 50*w - 100. Give j(1).
-50
Let i(q) = -13*q**3 + 377*q**2 + 2*q - 65. Determine i(29).
-7
Let j(t) = 2*t**3 + 23*t**